*y + 71. List the prime factors of y.
3
Let b(v) = v**3 + 6*v**2 + 4. Let l = 23 - 10. Suppose 11 + l = -6*a. List the prime factors of b(a).
2, 3
Suppose -61*g + 57*g = -4*i + 20268, -2*g + 20238 = 4*i. What are the prime factors of i?
2, 2531
Let o = -195 + 62. Let y = 396 + o. List the prime factors of y.
263
Suppose -2 = -a - 3*t, t - 4*t = 0. Let b(c) = 20*c**2 + 3*c - 2. List the prime factors of b(a).
2, 3, 7
Let x be 10 - 12 - (-280 - 1). Suppose -5*a + 4*o = -a - 236, -5*a + x = -o. List the prime factors of a.
5, 11
Let l(c) = 3*c + 19 + 9 - 2*c**3 + 13*c + 0 + 29*c**2. List the prime factors of l(15).
43
Suppose 5*c - 215 = -4*o, -3*o - 4*c + 7*c + 141 = 0. Let w = o + -32. List the prime factors of w.
2, 3
Let s = 18 - 20. Let b(w) = w**3 + 3*w**2 + w - 2. Let f be b(s). Suppose 9 = 4*v + i, -4*i = -f*i + 12. What are the prime factors of v?
3
Suppose 7*l = -10*l. Let k(s) be the first derivative of -s**2 + 16*s + 1. What are the prime factors of k(l)?
2
Suppose -14*z + 18983 = 1497. List the prime factors of z.
1249
Let g(c) = 11*c + 12. Let l(u) = -u - 6. Let z be l(-14). List the prime factors of g(z).
2, 5
Suppose 0 = w - 4*y - 68 - 42, -w + 2*y = -108. What are the prime factors of w?
2, 53
Let i be -3 - (-27)/(1 - -2). Suppose 5*f + i = 7*f. Let s = f - -19. List the prime factors of s.
2, 11
List the prime factors of (-54 - -62) + -2 + 2481.
3, 829
Suppose 0 = 5*n - 0*n - 4*z - 9895, 4*z - 5969 = -3*n. List the prime factors of n.
3, 661
Suppose 8*n - 4*n - 1224 = 0. Suppose -3*a - 111 = -n. What are the prime factors of a?
5, 13
Let z(q) = 9*q**2 - 60*q + 75. List the prime factors of z(8).
3, 19
Suppose v + 4 = 3. Suppose 95 - 163 = 4*c. Let y = v - c. List the prime factors of y.
2
Suppose 0 = -7*x + x. Suppose -4*h - 2*q = -600, x*h = 2*h - 4*q - 280. Suppose 3*l - 5*d = 111, 3*d + h = 4*l + d. List the prime factors of l.
37
Suppose 0 = 2*d - 5*c - 1110, 4*d - 2*c - 2796 = -d. Suppose 3*y + 4*y - d = 0. List the prime factors of y.
2, 5
Let b be (-2 - 2)/(20/2020). Let q = b + 678. List the prime factors of q.
2, 137
Let b be ((-2)/(-4))/((-2)/(-20)). Let s be (-2)/b + (-4005)/(-75). Let p = s - 28. What are the prime factors of p?
5
Suppose -23*o = -48*o + 1600. What are the prime factors of o?
2
Let m be -5 - (92 - (0 - 4)). Suppose -2*a - 114 = 2*g - 4*a, g = 5*a - 53. Let b = g - m. What are the prime factors of b?
43
Let m(f) = -7*f**2 + 4*f + 6. Let j(p) = -p**3 + p**2 + 1. Let z(w) = -2*j(w) + m(w). List the prime factors of z(6).
2, 17
Suppose 5*s - 4*g = 284 + 89, -2*s + 2*g = -148. Let z be 4/14 - 22/s. Suppose -5*w - 15 = z, -2*r + 28 = w - 21. List the prime factors of r.
2, 13
Let c(v) = v**2 - 2*v - 1. Let z be 1/(4/(-4 + 32)). What are the prime factors of c(z)?
2, 17
Let k = 2931 - 1548. What are the prime factors of k?
3, 461
Let n = 3815 - 1352. What are the prime factors of n?
3, 821
List the prime factors of (66080/(-42))/((-2)/6) - -2.
2, 3, 787
Let l be -6 + -4 - (5 + -1). Let n = l - -14. Let a(z) = z**3 + z**2 + z + 27. What are the prime factors of a(n)?
3
What are the prime factors of (-1 + 12/8)*1566?
3, 29
Let x be (-1 - -1)/1 + 3. Let t(f) = 0*f**3 - 3*f**2 + 0*f - f**x - 2 - 4*f. List the prime factors of t(-3).
2, 5
Let s(c) = -24*c + 2. Suppose -5*k + 11 = -2*f, 0 = -5*f - 0*k - k - 14. List the prime factors of s(f).
2, 37
Suppose 4*x = 5*x + 2*h - 9, 3*h - 52 = -5*x. Suppose -x*o = -16*o + 440. List the prime factors of o.
2, 11
Suppose 0 = -10*w + 7*w. Let g = w - -12. List the prime factors of g.
2, 3
Let v = 158 + -150. Let b(c) = -7*c + 62. List the prime factors of b(v).
2, 3
Let c(h) = h**3 - 6*h**2 + 6*h. Let w be c(5). Suppose 2*q - 1 = -w. Let g(l) = -4*l**3 - l**2 + 3*l + 1. List the prime factors of g(q).
23
Suppose -7*h = -2*h. Let q be (1 + 0)*12*1/4. Suppose h = -q*p + 3*l + 42, 3*l - 49 = -4*p - 0*l. What are the prime factors of p?
13
Suppose 153 = -2*c + 165. Let v(s) = -3 + 3*s**2 + 4 - 7*s - 2*s. List the prime factors of v(c).
5, 11
List the prime factors of (5/(-2) - -2)/(3/(-828)).
2, 3, 23
Let u(l) = -51*l + 13. Let h(k) = -25*k + 6. Let m(x) = 7*h(x) - 3*u(x). What are the prime factors of m(-2)?
47
Let i(h) = h**3 + 5*h**2 - h - 5. Let y be i(-5). Let u(r) = r + 20. Let l be u(y). What are the prime factors of 1/(-4) - (-625)/l?
31
Suppose 16*k - 6935 = 1577. What are the prime factors of k?
2, 7, 19
What are the prime factors of (-2179)/(-7) + (-2)/7?
311
Suppose -5*s - 2*l + 575 = -7*l, 3 = 3*l. Suppose 4*q - 60 = s. List the prime factors of q.
2, 11
Let t(l) = 7*l**2 - 3*l - 20. Let y be t(-8). Let s be 5/(5/y) - 2. List the prime factors of 14/21*s/4.
3, 5
Suppose -2213 + 31301 = 72*a. List the prime factors of a.
2, 101
Suppose t = -5*d + 376, -8*t + 9*t = 4*d - 299. List the prime factors of d.
3, 5
What are the prime factors of 2/5 + 70246/110?
3, 71
Let k = -33 + 35. Suppose -3 + 17 = k*n. List the prime factors of n.
7
Suppose -3*m - 2*r = -0*m - 55, -3*r - 75 = -3*m. List the prime factors of m/(-6)*(-45 - -5).
2, 5, 7
Let y be -12 - (0/1 - 0). Let w be y/18 + (-4)/(-6). Suppose w = 3*g - 0*g - 60. What are the prime factors of g?
2, 5
Suppose 4*n + 0*l - 2*l - 330 = 0, 0 = -n + 4*l + 72. List the prime factors of n.
2, 3, 7
Let h = -1 + 1. Suppose h = -5*i + i. Suppose i*p = 2*p - 58. List the prime factors of p.
29
Suppose 3*i + 8 = m - 14, 0 = -m - 2*i + 47. Let a = m + 0. What are the prime factors of a?
37
Let v be (2 - (5 + 1))/((-2)/(-43)). Let q = v + 129. What are the prime factors of q?
43
Suppose -12*b = -44*b + 93664. List the prime factors of b.
2927
What are the prime factors of (-4 - -872) + (-70)/(-10)?
5, 7
Let c = 144 + -144. Suppose n + 2*n + 4*u - 97 = c, -3*n = -2*u - 109. What are the prime factors of n?
5, 7
Suppose 0 = -3*p - x - 458 + 112, 0 = p - 2*x + 106. Let d = 194 + p. List the prime factors of d.
2, 5
Suppose -10 = 2*p + 3*p, 2*p + 12 = 2*x. Let f be (-2)/x*(9 + 3). Let a(t) = -t**3 - 6*t**2 - 4*t - 8. List the prime factors of a(f).
2
Let z = -2 + 6. Suppose 25 = 5*n - 3*m, 3*n = m - z*m + 15. Suppose -2*v = -2*w + n + 19, 9 = 2*w + 3*v. What are the prime factors of w?
3
Suppose -i = -m - 8 - 2, m + 25 = 4*i. Suppose 0 = 6*g - 2*g - 112. Let s = g - m. List the prime factors of s.
3, 11
Suppose -4*k + 11 - 3 = 0. Suppose 9 - 1 = k*w. Suppose -x = w*x - 400. List the prime factors of x.
2, 5
Suppose -d - d - 4*m = 0, 3*d + 2*m = 4. Suppose d*j - 49 = 179. What are the prime factors of (-28)/70 - j/(-10)?
11
Let k be 1 - (3 + 0 + -2). Suppose k = s - 8 + 2. Suppose 0 = -s*o + 9*o - 96. What are the prime factors of o?
2
Let u = -1 + 5. Suppose -4*g - a + 20 = 0, 0*a = -2*g + u*a - 8. Suppose -g*j + 0*j + 80 = 0. List the prime factors of j.
2, 5
Let i(s) = -s**2 + s + 6. Let g be i(6). Let w = -2 - g. List the prime factors of w/4 - 9/(-6).
7
Suppose 0*l = 4*l + 48. Let h = l + 14. What are the prime factors of h/(-3) + 38/3?
2, 3
Let y = 29 - 30. Let h(k) = -31*k**2 + 6*k + 1. Let i(z) = -31*z**2 + 5*z + 1. Let t(c) = 2*h(c) - 3*i(c). What are the prime factors of t(y)?
3, 11
Suppose -55*k + 67*k = 14124. List the prime factors of k.
11, 107
List the prime factors of (36/(-10))/((-92)/33810).
3, 7
Suppose 16*n + 156 = 17*n. Let r = n + 2. List the prime factors of r.
2, 79
Suppose -905 = -5*h + 5*y, -3*h - 6*y + 3*y = -555. What are the prime factors of h?
3, 61
Let m = 46 + -69. Let q be m/(-5) + (-46)/(-115). Suppose q*y = 2*d + 251, -2*y = -4*d - 0*d - 94. List the prime factors of y.
3, 17
Let y be 140/(-4)*(-12)/20. List the prime factors of (497/y)/(2/6).
71
Let h be (2/(-6))/((-1)/6). Suppose h*w = 1 + 3. Suppose w*a - 4*a = -54. List the prime factors of a.
3
Let t(d) = -d**2 + 10*d + 13. Let p be (30/(-45))/(4/(-66)). Let y be t(p). Suppose y*w - 17 = 5. List the prime factors of w.
11
Let t be 4*6/4 - 2. Let q(x) = 3*x**2 + x - 2. Let h be q(3). Suppose -3*c + g + g = 4, t*g - h = -4*c. List the prime factors of c.
2
Let q be (30/5 - 5)*(-2 + 0). What are the prime factors of (-536)/(-2) - (q + 6)?
2, 3, 11
Suppose 2*q - 176 = 4*w, -3*q = -2*w + w - 264. Suppose 5*c + 18 = q. What are the prime factors of c?
2, 7
Let w(f) = 27*f**2 + 7*f + 7. Let c be w(-4). Let g = c + -257. List the prime factors of g.